0 - (5 - 4)?
-21
What is -73 + (294 - (-66 - -201))?
86
-47 - 18 - (-76 - -1)
10
149 + -78 - 30 - -88
129
What is (48 - (47 - 42 - -58)) + (-22 + -1 - 1)?
-39
Calculate 13760 + -13835 + (-9 - -1 - 1).
-84
-85 - -24 - (-36 - 8)
-17
79 + (84 - (97 + 109))
-43
Evaluate 20 - 1 - (-11 - (6 - 12) - (-1 + 1)).
24
What is -62 - (0 + -67) - (2 - -16) - 19?
-32
What is -1 - -74 - (-1 + 30 + (-62 - -52) - 10)?
64
Evaluate -466 + 478 - (-4 - -43).
-27
Calculate 243 - (125 - (-66 - -79)).
131
Calculate -152 - (12 + 1) - (-17 + -27).
-121
What is -1 + -97 + -37 + 61 + -10?
-84
What is 22 + (-82 + (-13 - -39) - 15)?
-49
-72 + 14 - -1 - -21
-36
What is -16 + (-2 - -2) + (-90 - -17) + 40 + 129?
80
1 - -101 - 2 - ((43 - 35 - -32) + -37)
97
What is -16 + 21 + -3 + -9 + 8?
1
-98 + (-111 - (-189 - 3))
-17
What is the value of 63 + (89 - -26 - 103)?
75
Calculate -35 + -5 + (48 - 24).
-16
Evaluate -3 + (-10 - -19 - 15) + 23 - 17.
-3
What is 10 - (-24 - -23) - 53?
-42
What is 91 - -1 - (69 + -77 + 3) - 12?
85
-1 + (-11 - (-7 - 14 - -22))
-13
What is -6 + 2 + -1 + -111 + 23 + 3 + -12?
-102
Evaluate (-25 - 14 - -80) + -100.
-59
What is -49 - ((23 - (2 + 6)) + -27)?
-37
What is the value of 3 - (-40 + 4) - (-18 - (-21 + 14)) - 8?
42
What is -62 + (235 - 121) + -83?
-31
34 + -63 + -2 + (8 - 1) + 10 - 22
-36
Calculate (-4 + (-47 - -37) - 2) + 17.
1
Evaluate (-38 - (9 + -32 - 23)) + -10 + 1.
-1
Evaluate 85 - ((20 - -57) + -18).
26
28 - (-24 + (3 - -7))
42
What is 10 + (-1 - 2) + (-6 - -1) + -19 + 32?
15
Evaluate (-82 - (15 + -29)) + (150 - 134).
-52
What is -4 + -2 + 31 + 13 + -1 + 12?
49
Evaluate 18 + -106 + (1 - -11) + 8.
-68
What is the value of (0 + -2 + 26 - (-4391 + 4405)) + 21 + 1?
32
What is -3 + (-79 - -45) + (6 - (6 - -3))?
-40
(1 - -28) + 0 - (2657 - 2681)
53
What is (16 - (13 + 20)) + (80 - 182)?
-119
Evaluate (8 - (-2 - 3)) + (-24 - (-16 + 25)).
-20
What is the value of 84 + 2 - (639 - 573)?
20
Evaluate (-9 - ((7 - 17) + -21)) + 3.
25
What is -8 + (0 - -4 - (1 + -7 + -1) - -76)?
79
78 - 129 - -45 - (4 + (111 - -1))
-122
(64 - 36) + 41 + -60
9
What is the value of 8 + 0 + (1 - 6) + (80 + -82 - 2)?
-1
35 + (86 - (18 + 97))
6
Evaluate 34 + (-7 - (6 - (80 + 16))).
117
Calculate 22 + (25 - (24 + 22 + -20)).
21
Calculate 27 + -34 - (-10 - -12) - (0 - (0 - -62)).
53
What is 82 - 73 - -91 - (22 + 1)?
77
Evaluate -18 - (38 - 100) - 66.
-22
What is the value of (2 + -8 - 39) + (34 - 33)?
-44
Evaluate -24 - (22 + -3 - (-58 - -86)).
-15
-17 + (-39 + 69 - 76)
-63
17 - (30 + (-16 - -4) + -22)
21
What is (9 - 2) + (57 - 56) + (28 - 4)?
32
Calculate 65 + 3 + (-826 - -774).
16
What is (1 - (1 + -10)) + (-16 + 46 - 3) + -18?
19
What is the value of 0 - -11 - (-353 - -158 - -151)?
55
Calculate -35 + (-52 - -35) + -3 + 16.
-39
Evaluate -7 - -3 - -13 - (-24 - -31) - 1 - -53.
54
(-35 - 2) + (46 - 93) + 40 + -7
-51
(-37 - -5) + (-32 - (0 - 19)) + 1
-44
(15 + -9 - 18) + (-3 - 17 - 2)
-34
What is 8 + (-2 - -1) + (-188 - 101 - -347)?
65
Evaluate 123 + -150 + 15 + 1 - (-9 + 2).
-4
49 - 95 - -34 - -50
38
What is 166 - 4 - (5542 - 5465)?
85
37 + 1 + 186 + -214 - 5
5
Calculate (27 - 52) + 42 + -46 + 0 - -15.
-14
Calculate -8 + (63 - -17 - 40).
32
-11 + (-32 - -135) + -150
-58
What is the value of -1 - (5 + -7) - 3 - (29 - (-6 + -1))?
-38
What is the value of -105 + 180 + -3 + -41?
31
Evaluate (-12 + (-2 - 0 - -5) - -1) + (7970 - 7829).
133
168 + 180 + -487 + (1 - -19) + 0
-119
What is the value of (6 + -11 - -3) + 29 + (-21 - 2)?
4
Evaluate (1 - (0 - 11)) + -19 + (-17 - (11 - 50)).
15
What is the value of 83 + (90 - 180) + 83?
76
What is -38 - 1 - (440 + -469)?
-10
(-80 + 10 + -5 - (-463 + 485)) + 18
-79
What is the value of -2 - -35 - (80 + -91) - -9?
53
What is (199 - 166) + -43 - (23 - 1)?
-32
What is the value of 16 + (-61 - -33 - -20) + (-2 - -4)?
10
-15 + 0 - (-24 - -38 - -17 - -70)
-116
Calculate 35 + (31 - 4 - 18) + 2 + -8.
38
Evaluate (5 - (43 + -14 + 8 - -5)) + (-3 - 5).
-45
Evaluate 9 + (4 - 9) + -18 + 8 + (-3 - 19).
-28
Calculate (2 - (1 - -61)) + -14237 + 14219.
-78
Evaluate -32 + -10 + 4 + (8 - 11 - 1).
-42
Calculate ((11 - 39) + -7 - (-13 + 1)) + (5 - -2).
-16
Evaluate (-29 - -16 - -13) + -5 + 32 + -1.
26
Evaluate 1 + 33 + 2300 + -2288.
46
Evaluate -57 + (-55 - (-80 + 27)).
-59
Evaluate 140 - (152 + (57 - 110)).
41
Evaluate 18 - (37 - (-7 + -3 + 12 - -15)).
-2
What is -2 - (-8 + -6) - (-17 - (-24 + -19))?
-14
Evaluate -90 - ((-8 - (-7 - 17)) + -23).
-83
What is (7 + 2 - -28) + (-4 - 22)?
11
What is (28 - (71 - (50 - 32))) + -1 + 12?
-14
What is the value of (-119 - -125) + (7 + -10 - 66)?
-63
6 + 3 + (2 - 0) + -25 + -124 + 162
24
Evaluate 143 + -89 - (4 - -12).
38
What is (-48 - (-24 - 11)) + (-9 - -2)?
-20
Evaluate -28 + (6 - -12 - -9 - 26).
-27
Evaluate (-1 - 18) + (-6 - -7) + -100 + 167 + -69.
-20
What is the value of (-2 + (7 - (5 - 7)) - 11 - -4) + -43?
-43
Evaluate 36 + (3 - -5) - 62.
-18
What is -61 + (-24 - (15 + -37)) + -15 + 2?
-76
25 + 14 + -10 + 6 - (-5 + -10)
50
-30 + -98 + 11 + (-2 + 2 - (-9 + 0))
-108
What is the value of -142 - -98 - (8 - 53)?
1
What is the value of (10 - (4 + (-6 - 16 - -10)) - 3) + 5?
20
Evaluate (-6 - (18 - 23 - (-2 + 5 - 6))) + 73.
69
What is the value of 16 + (-2 - (-30 + 17 + -112)) + -1 + 3?
141
-12 - ((-40 - 18 - -33) + -17)
30
Calculate 21 + -22 - (8 - -61).
-70
Calculate (-122 - 9) + 90 - 70.
-111
What is the value of -2 - -26 - (335 - 306) - -6?
1
Evaluate (1 - (2 - -1)) + 10 - ((12 - 106) + 112).
-10
Calculate (-9 + 22 - (9 - 9) - 16) + -7 + 81.
71
What is the value of -2 + (-82 - (63 + -149))?
2
Calculate -153 + (66 - -16) + 4.
-67
(5 - (91 + -115)) + 1 + 5
35
Calculate (-3 - 0) + -90 + 16 + (-18 - (10 - 11)).
-94
What is -13 - (18 - (14 + 3 - 12) - -5)?
-31
Evaluate (1 - 0) + (-30 - (65 + -10 + -18)).
-66
What is (-29 - -133 - -41) + -129?
16
What is the value of -3 - (-4 - (-46 + 3))?
-42
Calculate -1 - 0 - ((56 - (-10 + 1)) + -23).
-43
-44 + 2 - -47 - 68
-63
Calculate -29 + 37 + 90 - 47.
51
Evaluate 8 - 16 - (-15 - -37 - (25 + 9)).
4
1 - (-7 + -58) - (-23 + 2 - -3)
84
Evaluate 2 + -2 + -5 + 10 + (-26 - -8) + 26.
13
What is the value of 4 + 11 - 9 - (-1 - -8 - 3 - 0)?
2
-9 - ((31 + -23 - 3) + (-52 - -2))
36
What is -31 - -88 - 145 - -85?
-3
Calculate -10 + -11 + -4 + -6 + 3 + 8.
-20
(-10 - 12) + 30 - -19
27
What is -67 + (7 - (3 - 13) - 3) + -7?
-60
What is the value of -19 + 2 - (-120 + 53 + 65) - -2?
-13
What is the value of (-50 - -51) + -38 + 73?
36
Evaluate 5 - ((-5 - -7) + -7 - -6) - (37 + -39).
6
What is 12 + 37 + 79 + -64?
64
Calculate ((-15 - 2) + -107 + 82 - -1) + 21.
-20
What is the value of -55 + (28 + -19 - 34)?
-80
Evaluate 17 + -4 + -4 - (96 - (-8 + 16 - -9)).
-70
What is the value of -34 + (-13 - (20 + -35 - 21)) - (-3 + 1)?
-9
What is the value of -6 + -53 + 15 - -17?
-27
Calculate 27 - (-43 + 12 - -61).
-3
(0 - 0) + -1 + -2 - (-38 - -157 - 77)
-45
Calculate 24 - ((-20 - -34) + -22 + 28).
4
(-71 - -56) + -44 + 1 - -16
-42
2 + -2 - -5 - (-28 - -7 - -28)
-2
Evaluate 35 - (-46 - (-53 + 24)).
52
What is -2 + -17 - -15 - 6 - (-2 + -25)?
17
Calculate -8 + 0 - (-44 + (42 - 16) + 21 + -46).
35
-60 + 18 + 78 - 4
32
What is the value of -4 - (33 + -6 + 0 + -14) - -102?
85
Evaluate 2 + 76 + (33 + -17 - (-44 + 58)).
80
What is 24 + -83 + (-26 - -49) + -10?
-46
Evaluate 33 - (51 + (-28 - -5)) - (0 - -49).
-44
Evaluate -24 - (63 + 3 - 37).
-53
-5 - -1 - (4 + -23 + 12 - (-29 - 1))
-27
Evaluate 0 + -67 + 127 + -53 + 0 + 0.
7
What is -165 + -43 - 70 - -160?
-118
Calculate -1 - (6 - (-7 + 4)) - ((6 - -60) + -2).
-74
Evaluate 14 + -12 + 76 + (-6 - -40) + -35.
77
Evaluate 1 + -37 - (-124 - (-99 + -24)).
-35
Calculate -16 - (-73 + (7 - -24)).
26
What is the value of (4 - 11 - (5 - 7) - -1) + (-9 - -14)?
1
Evaluate -7 - ((-84 - 16) + 13 + 6).
74
Evaluate (-55 - 36) + 122 + (-2 - 28).
1
19 + 2 + 1 - (-163 + -57 - -142)
100
Calculate (20 - -39) + -135 + (2 - 11 - -2).
-83
What is -2 + -8 + 4 + 10 - (67 + 8 + -2)?
-69
Evaluate 5 - 1 - (27 + -8 - (46 - 71)).
-40
Calculate 51 - (-12 + (38 - -31)).
-6
Calculate 51 - (-38 + 85) - -33.
37
Calculate (12 - (-26 - -17)) + -21 - -50.
50
Calculate (-35 - 17) + 38 - -49.
35
(5743 - 5649) + -104 + 2
-8
What is 11 - (-17 + 0 + -1 + (-16 - (21 + -37)))?
29
Calculate 22 - (11 - (-11 + -5)) - -16